n - 23 = 2*t. Calculate l(t).
-15
Let s = -12 - -13. Let n(j) = 0 - j + 5 - s. Determine n(-5).
9
Let l = 60 + -25. Suppose 3*p - g = 14, 7*p - 2*p - 4*g - l = 0. Let x(b) = -8*b + 3. Let w(z) = 7*z - 3. Let i(u) = 7*w(u) + 6*x(u). Give i(p).
0
Suppose -5*c + 17 = -3*l, -30 = -5*c - 5*l - 5. Let y be (-19)/57 - 14/(-6). Let t(p) = -2*p**2 - p**3 + 2 + 5*p + 6*p**y - 2*p. Calculate t(c).
14
Let b(p) be the second derivative of -7*p**5/20 - p**4/12 + p**3/6 + p**2/2 - 16*p. Let s = 41 + -42. What is b(s)?
6
Suppose -14*k = -9*k. Suppose 2*h - 6 = k, 4*n + 2*h - 22 = -0*h. Suppose p + 2*o + n = -11, -5 = -3*p + 4*o. Let l(j) = -j**2 - 5*j - 5. Determine l(p).
-5
Let i(t) = -2*t**2 + t + 2. Let u(l) = l**3 + 15*l**2 - 13*l - 19. Let n(k) = 6*i(k) + u(k). Calculate n(-5).
-22
Let g(p) = -p**2 + 5*p + 3. Let i(m) = m**2 + 17*m - 24. Let y be i(-21). Suppose -15 = 9*c - y. Calculate g(c).
3
Suppose 9*a + 6 = 12*a. Let y = -2 + a. Let m(h) = -5*h**3 - h**2 + h + 6. Let i(u) = -14*u**3 - 3*u**2 + 3*u + 19. Let f(j) = -6*i(j) + 17*m(j). What is f(y)?
-12
Let d(v) be the third derivative of -8*v**2 + 0 + 0*v - 1/6*v**3 - 1/24*v**4. Give d(4).
-5
Let f(r) = 11*r + 24*r - 36*r - 1 + 4*r**2. Determine f(1).
2
Let y(z) = z**2 + 4*z + 4. Let d = 16 + -23. Let r(a) = -a + 5. Let q be r(d). Suppose -4*v - 8 = 4*o, -v - q = -0*o - 4*o. Determine y(v).
4
Let u(m) = -7*m - 21. Let p(h) = -2*h + 1. Let o(b) = 5*p(b) - u(b). Give o(7).
5
Suppose 2*i - 28 = 4*n, 2*n + 3*i = 7*i - 2. Let y(o) = -o**2 - 8*o + 9. Calculate y(n).
0
Let h(g) = 5*g**2 + 5*g - g**3 + 2 - 3 + 3*g. Suppose -2*w + 5*d = -12, d + 13 - 1 = 2*w. Determine h(w).
11
Let h(b) = -b**2 + 13*b + 21. Let g = -1543 + 1558. What is h(g)?
-9
Suppose -64*t + 258 = -1086. Let d(g) = -3*g + 62. What is d(t)?
-1
Let n(y) be the third derivative of -y**7/840 - y**6/90 - y**5/24 - y**4/6 - 3*y**3/2 - 14*y**2. Let a(l) be the first derivative of n(l). Determine a(-3).
2
Let l(j) = 49*j + 874. Let k be l(-18). Let z(g) = -g**3 - 8*g**2 + 4*g + 34. What is z(k)?
2
Let m(j) = -18 + 37 - 15 - 3*j. Let p = -114 - -117. Determine m(p).
-5
Let y(j) = j**2 - j - 21. Suppose 2*x + 3*n - 10 = 0, -9*x + 11*x - 10 = -4*n. What is y(x)?
-1
Let a(o) = -o + 2. Let u be a(1). Let c(f) = -1 - u + 4 + 0*f + f**2 - 4*f. Let j be 8 - (-1 + 2 + 2). Determine c(j).
7
Let z(f) be the second derivative of f**4/12 - f**2 - 37*f + 2. Calculate z(2).
2
Suppose -2*u + 75 = -5*u. Let q = 20 + u. Let a(d) be the third derivative of d**4/24 - 2*d**3/3 - 11*d**2. Calculate a(q).
-9
Let q(n) = -11*n**3 + 6*n**2 + 7*n + 9. Let y(i) = 5*i**3 - 2*i**2 - 4*i - 4. Let d(u) = -4*q(u) - 9*y(u). Determine d(-7).
-7
Suppose 14*q = 51 - 135. Let l(k) = k**3 + 6*k**2 - k - 7. Give l(q).
-1
Let f(o) = -o**3 - 3*o**2 - 2*o - 1. Suppose -6*c = -4*a - c - 4, 4*c - 4 = 4*a. Give f(a).
-1
Let u(s) = s**3 - 4*s**2 - 2*s + 2. Suppose -2*d - 5*b = 2*d - 31, -4*d = -b - 13. Let q be (0 - (-1 - 2)) + d. Suppose -q - 5 = -4*x, 3*z = 4*x. What is u(z)?
-6
Suppose 0 = 4*b - 5*q + 9, -18*q + 21*q + 21 = -2*b. Let p(f) = f**2 + 4*f - 13. Give p(b).
-1
Let u(g) be the first derivative of 1/3*g**3 - 5/2*g**2 - 14 + 0*g. What is u(4)?
-4
Let p be 6/8*(-24)/(-6). Let u(t) be the first derivative of -2 - 1/3*t**p + t**2 + 0*t. What is u(2)?
0
Let o(r) be the third derivative of r**5/60 - r**4/4 - r**3 - r**2. Let v = 2675 - 2669. What is o(v)?
-6
Suppose -43 = -4*m + 5. Suppose 3*g - m - 13 = -5*o, -3*o - 9 = -3*g. Let u(i) = 3 - 6*i + 7*i - i**2 + o*i**2. Give u(0).
3
Let j(x) = -40*x**3 - x. Suppose -5*y + t = -7*y, -t = y + 1. Give j(y).
-41
Let r(i) = 2*i + 10. Let g(j) = 3*j + 8. Let n(s) = 6*g(s) - 7*r(s). Determine n(6).
2
Let u(f) = -5*f**2 - 17*f - 17. Let t be u(-1). Let m(p) = -p**2 + p - 1. Determine m(t).
-31
Let y(d) = -d**2 + 2*d - 2. Let i(u) = -4*u**2 + 7*u - 11. Let x(m) = i(m) - 5*y(m). Suppose -2*a = -5*b + 18, a + 3 = 4*b - 12. Calculate x(b).
3
Let a(u) = 9*u**3 + 3*u**2 + 5*u + 6. Let h(m) = -16*m**3 - 7*m**2 - 10*m - 13. Let i(p) = -7*a(p) - 4*h(p). Determine i(-7).
-25
Suppose 0 = -16*m + 8*m - 8. Let d(r) = r**3 - r**2 + 1. Let i(b) = -12*b**3 + 2*b**2 - 1. Let n(w) = m*i(w) - 2*d(w). What is n(1)?
9
Let c(w) = -3 + 2 + 3*w - w + 2. Suppose 12 = 26*l - 29*l. What is c(l)?
-7
Let k(m) = m**2 - 6*m + 5. Let g be k(0). Let c(v) = -v**3 + 5*v**2 - 4. What is c(g)?
-4
Let c(m) = -m**3 + 9*m**2 + 2*m - 1. Let b be c(9). Let z(a) = -10*a**2 - b*a**2 + 1 + a**3 + 28*a**2. What is z(-1)?
1
Let n(r) be the third derivative of r**5/60 - r**4/8 + r**3/3 - 9*r**2. Suppose 5*d - j = 3*d + 12, -3*d - 8 = 5*j. Give n(d).
6
Suppose -2*k = -9*k - 749. Let x = -108 - k. Let q(h) = 8*h. Give q(x).
-8
Suppose 2*c = -5 + 77. Suppose 11 = -5*y + c. Let i(t) = 4*t + 2. Let h(l) = 9*l + 4. Let a(x) = 6*h(x) - 13*i(x). What is a(y)?
8
Let w be -8 + 8 - (-36)/2. Let r(b) = -13*b + 6 + w*b - 3*b + 4. Let z be ((-2)/(-4))/((-1)/14). What is r(z)?
-4
Let p(u) be the third derivative of u**4/24 - u**3/6 - 4*u**2. Suppose 5*o = o - 4. Let v be p(o). Let f(g) = g - 1. Calculate f(v).
-3
Let m = 27 - 22. Suppose 4*j - 7 = -3*y, -j - m + 11 = 5*y. Suppose -5*f - d = -y - 0, -3*d - 12 = 0. Let w(s) = 6*s**3 + 2*s**2 - 2*s + 1. Calculate w(f).
7
Let j(w) be the second derivative of w**4/12 - w**3/2 - w**2/2 - w. Let n be (-5 - -7)/((-4)/(-10)). Suppose -10 = -d - n. What is j(d)?
9
Let f(a) be the first derivative of -a**4/24 + a**3/3 + 15*a**2/2 + 15. Let m(r) be the second derivative of f(r). Give m(3).
-1
Let d(b) = 7*b**2 - 8*b + 1. Let w(l) = -6*l**2 + 7*l. Let k(h) = 5*d(h) + 6*w(h). Calculate k(5).
-10
Suppose 4*j + 0*j - 98 = 5*v, -4*v + 62 = 2*j. Let l(c) = 9 + 59*c - j*c - 30*c - 2. Suppose -4*z = -3*h + 39, 4*z + 1 = -3*h - 8. What is l(z)?
-5
Let t(a) be the second derivative of 1/2*a**3 - 11*a + 0 - 5/2*a**2. Determine t(6).
13
Let z(q) = q + 1. Let t be (3/6)/((-1)/10). Let d = t - -17. Suppose 4*p = d, -20 = 5*y - 2*p + 16. Give z(y).
-5
Suppose 1 = 2*d - 1. Suppose 3*z = -5*n + 501 + 464, n - 1264 = -4*z. Let u(r) = 8*r**3 - 315*r + 1 + z*r. Calculate u(d).
9
Let j(b) = -3*b + b**2 - 7*b - 1 - 7 + 2*b - b. What is j(9)?
-8
Suppose 2*m + 4 = 3*i, 6*m + 9 = 3*i + 3*m. Let r(c) = c**2 + 1915 - 3835 + 1917 - 2*c. Give r(i).
5
Let k(g) be the third derivative of g**4/12 - g**3/2 - 2*g**2. Let w(v) = -2*v**2 + 2*v + 2. Let n be w(-1). Let p be (3/n)/(1/(-2)). Determine k(p).
3
Let k(b) be the second derivative of b**3/3 + 39*b**2 - 5*b + 12. Calculate k(-37).
4
Let k(g) be the first derivative of g**6/120 + g**5/20 + g**4/8 - 5*g**2/2 - 28. Let d(f) be the second derivative of k(f). Calculate d(-2).
-2
Let t(v) = -v**2 - 5*v - 5. Let x be (2 - (1 - -2)) + 16. Let u be 6*(-3)/x*5. Let f be ((-27)/u)/((-15)/20). Give t(f).
-11
Let f(d) = -3*d**2 - 5*d - 3. Let r(i) = 4*i**2 + 6*i + 4. Let m(j) = j**3 - 2*j**2 + j + 1. Let g be m(2). Let y(b) = g*f(b) + 2*r(b). Determine y(-5).
-11
Let w(k) be the second derivative of k**5/20 - k**4/2 + k**3/6 + 3*k**2 - 34*k. Determine w(5).
-14
Let v(l) = -l + 16. Let h(d) = -2. Let b(j) = 6*h(j) + v(j). Determine b(-5).
9
Let f(b) = -2*b**3 + 25*b**2 + 13*b - 2. Let m(o) = o**3 - 14*o**2 - 7*o + 1. Let l(p) = 4*f(p) + 7*m(p). What is l(3)?
-1
Let f(q) = 0 + q**2 - 2 - 4 - 5*q + 10*q. Let w be (15/(-6) - -3)*-8. Let v be -8 - (4 + -2) - w. What is f(v)?
0
Let z(j) = -j**3 - 22*j**2 - 23*j - 51. Let d be z(-21). Let t(x) = -2*x - 11. Calculate t(d).
7
Let y(x) be the third derivative of x**4/12 + x**3/6 + 4*x**2. Suppose 0 = 23*m + 2*m + 75. Give y(m).
-5
Let z(q) = q**2 + 6*q + 5. Let w be 1/4 - -1*61/(-4). Let x = 10 + w. What is z(x)?
0
Let i(r) = 17 - 5 + 455*r - 2 - 452*r. What is i(-8)?
-14
Let i(v) = 0 - 106*v - 113*v + 211*v - 3 - 3 - v**2. Determine i(-5).
9
Suppose 8*n = 4*n. Let l = n + -5. Let f(v) = -4 - 2*v**2 - 5*v - v**3 + 5*v**2 - 9*v**2 - 3*v. What is f(l)?
11
Suppose -17 = -x + 3. Let r(t) = -5*t - 25*t**2 - x*t**2 - 5 + 46*t**2. Calculate r(5).
-5
Let i be (-18)/4*(-8)/12. Suppose -2*q - 3*q + 18 = -3*a, 0 = -2*q + 5*a - 8. Let f(c) = 3*c - q*c + 4*c + 0*c. Determine f(i).
3
Let j(v) = -7*v**2 - 5*v + 1. Let p(n) = -n**2 - n. Let q(s) = -j(s) + 6*p(s). Calculate q(0).
-1
Suppose -12 = 8*b - 12*b. Suppose 2*m - 3*o - 6 = -